3*k**2 - k. Let a be q(1). Let x be a/3 + (-3)/(-9). Let n(f) = 13*f + 1. What is the remainder when 27 is divided by n(x)?
13
Let l be (8/(-2))/(4 - 5). Suppose l*w + w - 60 = 0. What is the remainder when 47 is divided by w?
11
Let b = -19 + 32. Calculate the remainder when 51 is divided by b.
12
Suppose -u = -5*m + 271, -u - 1 = -5. Suppose -5*d + 152 = -d. Suppose -2*a = -0*a - d. What is the remainder when m is divided by a?
17
Suppose 4*u - u - 9 = 0. Suppose 4 = l + u. Let o = -4 - -6. What is the remainder when o is divided by l?
0
Let g(b) = -5*b + 39. Calculate the remainder when g(-9) is divided by 30.
24
Let r(i) = 3*i + 6. Let q be r(-4). Let x = 18 - 13. Calculate the remainder when x is divided by 4/q*(-18)/4.
2
Let w = 74 + -45. Calculate the remainder when w is divided by (2/(-4))/(1/(-30)).
14
Let j = -5 + 7. Let k(v) = 4*v + 4*v + 0*v**j + v**2 - 2*v**2 - 1. What is the remainder when 17 is divided by k(7)?
5
Let a be (1 - 1) + (2 - 2). Suppose -4 = 2*o - 10. Suppose 4*w + a*w = 4*c + 16, -o = 2*c - w. What is the remainder when c is divided by 1?
0
Let d be (4/6)/((-4)/12). Let o be (-38)/(-14) - d/7. Suppose -o*f + 36 = -0. Calculate the remainder when 47 is divided by f.
11
Let y = 22 + -12. Suppose -5*p + 0*p + 90 = 0. What is the remainder when p is divided by y?
8
Suppose 0 = -g - 1 - 6. Let f = 14 + g. Calculate the remainder when 11 is divided by f.
4
Suppose 0 = u - 3*c + 15, -4*c + 8 = u - 12. Let q(w) = 7*w + 17. Let b be q(-2). Suppose 0*z + b*z - 174 = u. What is the remainder when z is divided by 20?
18
Suppose -t + 0 - 4 = 0. Let d(n) = 6*n**2 + 2. Let y be d(4). Calculate the remainder when y/4 - 2/t is divided by 9.
7
Suppose 50 + 95 = 3*w - l, 0 = 5*w - l - 245. What is the remainder when w is divided by 18?
14
Suppose 2*c + 6 = 5*c. Suppose -c*h = -17 + 3. Suppose 18 = -b + 5*d - 4, 3*b - 4*d = -11. Calculate the remainder when h is divided by b.
1
Let d(w) = -w**3 - 15*w**2 + 54*w + 23. Suppose -5*o + 4*j = -61, 47 = 3*o - 4*j + 12. Calculate the remainder when d(-18) is divided by o.
10
Suppose -5*u + 5 = -30. What is the remainder when u is divided by 2?
1
Suppose -5*l + 36 = -69. Let a(c) = c**2 - 10*c + 3. Let b be a(10). Suppose 3*z = 9, -b*s - 2*z = -124 - 65. What is the remainder when s is divided by l?
19
Let v(l) = -7*l + 1. Let d = 59 + -35. Let z = -10 + d. Calculate the remainder when z is divided by v(-1).
6
Suppose 2*a - g = 13, 0*a - 2*a - 2*g + 10 = 0. Let u = a - -6. Calculate the remainder when 35 is divided by u.
11
Let s(v) = -2*v**3 - 5*v**2 - 6*v - 4. Calculate the remainder when s(-4) is divided by 24.
20
Let g(i) = 39*i**2 + 2*i + 1. Let j be (1 - 3)*3/6. What is the remainder when g(j) is divided by 10?
8
Suppose -4*j = -2*j - 32. Let t(k) = -k**3 + k**2 + 3*k - 1. Let m be t(3). Let z = j + m. Calculate the remainder when 15 is divided by z.
3
Suppose 3*c = -5*t + 89, -c - 2*t + 36 - 5 = 0. Let k = c + -10. Let s = 2 - -23. Calculate the remainder when s is divided by k.
12
Suppose 4*d - 13 = 2*d + r, 2*r = 5*d - 30. Suppose 0 = -z + 4*q + 46, -4*z + z + 146 = -d*q. Let j = 85 - 72. What is the remainder when z is divided by j?
11
Suppose m + 4*m - 330 = w, -5*m + 4*w + 330 = 0. Calculate the remainder when m is divided by 26.
14
Let w = 3 + 7. Suppose -4*h + 26 + w = 0. What is the remainder when ((-8)/6)/(1/(-12)) is divided by h?
7
Let h be 0 + 0 - (-4 - 0). Suppose 4*u - 5*n - 19 = -h*n, u - 4*n + 14 = 0. What is the remainder when 8/6*(-30)/(-4) is divided by u?
4
Let c = 99 - 59. Let l = 75 - 54. Calculate the remainder when c is divided by l.
19
Suppose 4*x - 28 = 5*o, -3 - 3 = x + 2*o. Suppose 121 = x*u - 23. Suppose 0 = -6*m + 3*m + u. Calculate the remainder when 70 is divided by m.
22
Suppose 279 = -a + 4*a. Suppose 2*v = -v + a. Suppose -29 = -4*k - 5*s, 4*k = -s - s + 38. Calculate the remainder when v is divided by k.
9
Let m(d) be the first derivative of -9*d**4/4 + d**3/3 + 3. Calculate the remainder when (-75)/(-4) + (-2)/(-8) is divided by m(-1).
9
Calculate the remainder when 177/6*(-1)/2*-4 is divided by 20.
19
Suppose 5*j = 3*j + 5*d + 38, -d - 70 = -3*j. Suppose -5*k - 5*h = -k - 46, -2*h = -5*k + 41. Calculate the remainder when j is divided by k.
6
Let s(i) = 3*i + 79. Suppose 2*l - 1 = 21. Calculate the remainder when l is divided by s(-24).
4
Let h = -7 + 15. What is the remainder when 1*33 - ((-5)/5 + 4) is divided by h?
6
What is the remainder when 3 is divided by (-8)/((-12)/(-3)) + 3?
0
Let g be -6 - -3 - (-6 - 0). Let s = 33 + g. What is the remainder when s is divided by 19?
17
Let h(f) = -f**2 + 14*f + 5. Let r(j) = -3*j - 27. What is the remainder when h(10) is divided by r(-17)?
21
Let r = -15 + 9. What is the remainder when 17 is divided by -3 + 3 + (0 - r)?
5
Suppose -z + 101 = 5*p - 16, 2*p - 36 = -4*z. Calculate the remainder when 47 is divided by p.
23
Let m = -3 - -1. What is the remainder when 69 is divided by 2 + m + 2 + 22?
21
Let t be -2 - (0 - (2 - -16)). Suppose -3*r = -2*r - t. Let v(y) = -y - 7. What is the remainder when r is divided by v(-16)?
7
Let t(b) = -b**3 + 77. Let p be t(0). Suppose 7 = 4*j - p. What is the remainder when j is divided by 12?
9
Suppose 0*x = -4*x - 68. Let u = 30 - x. Calculate the remainder when u is divided by 12.
11
Suppose 6 = 3*x - 2*x. What is the remainder when 21 is divided by x?
3
Let n(b) = b**2 - 3*b - 8. Calculate the remainder when 190 is divided by n(-5).
30
Let h = 3 + -2. Suppose -35 = 3*j + 2*j. Let d(c) = -c**3 - 8*c**2 - 8*c - 5. What is the remainder when d(j) is divided by h?
0
Suppose 0*c - 340 = -2*c. Calculate the remainder when c is divided by 43.
41
Suppose -3*t - 7*t + 1190 = 0. Calculate the remainder when t is divided by 31.
26
Suppose 4*c = 4 + 48. Let b(q) = q**2 + 7*q - 8. Let k be b(-6). What is the remainder when -16*(k/4 + 2) is divided by c?
11
Let y be -1 + 0 - (-1 - 20). Suppose l = -4*l + y. Calculate the remainder when 10 is divided by l.
2
Calculate the remainder when -235*(20/25 + -1) is divided by 8.
7
Suppose 0 = -9*x + 12*x - 3. Calculate the remainder when (x - 2)/(-3 + 2) is divided by 1.
0
Suppose -q + 207 = -5*q + k, 2*k = -3*q - 158. Let i = q + 77. Calculate the remainder when i is divided by 13.
12
Suppose 2*p - 4*p - h + 10 = 0, 5 = -5*p + 5*h. Suppose 5*t = -2*r + 111, -4*r = 3*t - p*r - 67. What is the remainder when 43 is divided by t?
20
Let x(a) = a + 1. Let n be x(0). Suppose c + n = 13. Suppose 2*s = c + 22. What is the remainder when 49 is divided by s?
15
Let a(n) = n**2 - 7*n + 3. Let p be a(7). Let z = 12 + -4. What is the remainder when ((-9)/(-2) + p)*2 is divided by z?
7
Suppose 4*k = 9*k - 35. Let n = 3 + -3. Suppose -o + 44 = -n*h + 5*h, h - 5 = 0. Calculate the remainder when o is divided by k.
5
Let j(f) = f + 5. Let u be j(-7). Calculate the remainder when (98/8)/(u/(-8)) is divided by 13.
10
Let k = -142 + 248. Calculate the remainder when k is divided by 27.
25
What is the remainder when 47 is divided by (3 - -2)*(2 - 6/15)?
7
Let s(f) = -3*f. Suppose 2*b = -3*l + l + 18, 0 = -5*b - 4*l + 45. Calculate the remainder when b is divided by s(-1).
0
Suppose -4*y - 2*b + 3*b + 15 = 0, -3*y - b = -6. Let p be (-1)/((1 - y)/2). Calculate the remainder when 26 is divided by 13*p + 0 + 1.
12
Let w = -20 - -45. Calculate the remainder when w is divided by (-9)/6*(-26)/3.
12
Calculate the remainder when -27*(-1 + 5)/(-4) is divided by 7.
6
Calculate the remainder when 72/(-12)*2/(-3) is divided by 13/5 + 6/(-10).
0
Let f(p) = -2*p - 34. Let v(h) = -h - 17. Let n(x) = -3*f(x) + 7*v(x). Let s be n(-9). Let w(m) = -3*m - 1. What is the remainder when w(s) is divided by 6?
5
Suppose 0 = 5*r + i - 350, 8*r - 3*i = 3*r + 370. What is the remainder when r is divided by 18?
17
Let t = 8 + -3. Let o = 10 - t. Calculate the remainder when 9 is divided by o.
4
Calculate the remainder when 97 is divided by ((-11)/(-2))/1*(-38 + 40).
9
Let v = -1 + 1. Let q(h) = h**2 - 9*h**3 - 6*h**3 + 16*h**3 + 47. What is the remainder when q(v) is divided by 16?
15
Suppose 2*w = 6 - 2. Suppose -10 = -9*f - 1. Suppose -f = -x + w. What is the remainder when 5 is divided by x?
2
Suppose 6 = 2*w + 2*p, 2*w + 0*p = -p + 4. Let v be 1/((-16)/(-14) - w). Let i = 10 - v.